f 859?
5
What is the tens digit of 23?
2
What is the units digit of 12959?
9
What is the thousands digit of 6529?
6
What is the hundreds digit of 914?
9
What is the thousands digit of 65629?
5
What is the tens digit of 616?
1
What is the thousands digit of 3088?
3
What is the tens digit of 1630?
3
What is the thousands digit of 2959?
2
What is the tens digit of 7051?
5
What is the units digit of 41419?
9
What is the thousands digit of 7162?
7
What is the ten thousands digit of 11645?
1
What is the units digit of 13533?
3
What is the hundreds digit of 13507?
5
What is the units digit of 10114?
4
What is the ten thousands digit of 69132?
6
What is the hundreds digit of 1530?
5
What is the units digit of 3819?
9
What is the units digit of 1689?
9
What is the units digit of 6970?
0
What is the tens digit of 46630?
3
What is the tens digit of 886?
8
What is the hundreds digit of 509?
5
What is the units digit of 18925?
5
What is the tens digit of 1221?
2
What is the units digit of 418?
8
What is the hundreds digit of 119283?
2
What is the hundreds digit of 1595?
5
What is the hundreds digit of 16229?
2
What is the thousands digit of 28177?
8
What is the units digit of 768?
8
What is the hundreds digit of 2197?
1
What is the thousands digit of 83247?
3
What is the hundreds digit of 494?
4
What is the ten thousands digit of 12073?
1
What is the hundreds digit of 39194?
1
What is the thousands digit of 2320?
2
What is the tens digit of 4743?
4
What is the ten thousands digit of 16266?
1
What is the thousands digit of 7196?
7
What is the units digit of 166?
6
What is the units digit of 9717?
7
What is the tens digit of 80?
8
What is the tens digit of 24986?
8
What is the ten thousands digit of 104994?
0
What is the thousands digit of 7343?
7
What is the units digit of 2031?
1
What is the units digit of 2920?
0
What is the tens digit of 23294?
9
What is the hundreds digit of 5799?
7
What is the hundreds digit of 8556?
5
What is the hundreds digit of 99720?
7
What is the tens digit of 92?
9
What is the tens digit of 6937?
3
What is the thousands digit of 1674?
1
What is the hundreds digit of 1284?
2
What is the thousands digit of 13283?
3
What is the tens digit of 228?
2
What is the tens digit of 10479?
7
What is the units digit of 252?
2
What is the ten thousands digit of 47556?
4
What is the hundreds digit of 10467?
4
What is the units digit of 1054?
4
What is the ten thousands digit of 10687?
1
What is the tens digit of 24675?
7
What is the units digit of 25298?
8
What is the thousands digit of 7479?
7
What is the tens digit of 1408?
0
What is the hundreds digit of 774?
7
What is the tens digit of 1525?
2
What is the tens digit of 4055?
5
What is the hundreds digit of 3554?
5
What is the hundreds digit of 1365?
3
What is the ten thousands digit of 55028?
5
What is the tens digit of 2686?
8
What is the thousands digit of 4335?
4
What is the units digit of 1611?
1
What is the tens digit of 26483?
8
What is the ten thousands digit of 15199?
1
What is the hundreds digit of 314?
3
What is the thousands digit of 3869?
3
What is the tens digit of 13258?
5
What is the tens digit of 27898?
9
What is the thousands digit of 9890?
9
What is the hundreds digit of 2079?
0
What is the tens digit of 50894?
9
What is the tens digit of 1827?
2
What is the hundreds digit of 729?
7
What is the thousands digit of 7731?
7
What is the units digit of 57838?
8
What is the hundreds digit of 5410?
4
What is the tens digit of 775?
7
What is the thousands digit of 33273?
3
What is the thousands digit of 6856?
6
What is the tens digit of 1432?
3
What is the units digit of 24868?
8
What is the units digit of 173?
3
What is the thousands digit of 35364?
5
What is the tens digit of 1979?
7
What is the tens digit of 48?
4
What is the thousands digit of 18636?
8
What is the units digit of 2662?
2
What is the thousands digit of 9712?
9
What is the tens digit of 58077?
7
What is the units digit of 957?
7
What is the units digit of 2375?
5
What is the ten thousands digit of 150159?
5
What is the units digit of 1650?
0
What is the tens digit of 206?
0
What is the thousands digit of 68211?
8
What is the tens digit of 939?
3
What is the tens digit of 659?
5
What is the units digit of 10747?
7
What is the tens digit of 11242?
4
What is the tens digit of 982?
8
What is the thousands digit of 66603?
6
What is the hundreds digit of 7857?
8
What is the hundreds digit of 912?
9
What is the units digit of 201?
1
What is the tens digit of 31455?
5
What is the thousands digit of 13213?
3
What is the tens digit of 235?
3
What is the units digit of 40427?
7
What is the units digit of 850?
0
What is the tens digit of 2457?
5
What is the units digit of 35521?
1
What is the ten thousands digit of 50488?
5
What is the units digit of 993?
3
What is the hundreds digit of 14751?
7
What is the units digit of 119481?
1
What is the units digit of 1772?
2
What is the tens digit of 12665?
6
What is the hundreds digit of 7467?
4
What is the ten thousands digit of 10658?
1
What is the units digit of 19658?
8
What is the thousands digit of 2044?
2
What is the hundreds digit of 5664?
6
What is the units digit of 14755?
5
What is the thousands digit of 1668?
1
What is the hundreds digit of 1887?
8
What is the ten thousands digit of 37177?
3
What is the hundreds digit of 8927?
9
What is the hundreds digit of 42966?
9
What is the hundreds digit of 66799?
7
What is the hundreds digit of 511?
5
What is the hundreds digit of 77929?
9
What is the tens digit of 93?
9
What is the units digit of 560?
0
What is the tens digit of 678?
7
What is the tens digit of 5632?
3
What is the hundreds digit of 7119?
1
What is the units digit of 4507?
7
What is the thousands digit of 43900?
3
What is the units digit of 200?
0
What is the thousands digit of 1605?
1
What is the tens digit of 2749?
4
What is the tens digit of 50726?
2
What is the units digit of 1569?
9
What is the thousands digit of 69498?
9
What is the tens digit of 56652?
5
What is the hundreds digit of 220?
2
What is the tens digit of 836?
3
What is the tens digit of 109?
0
What is the tens digit of 94?
9
What is the thousands digit of 34653?
4
What is the hundreds digit of 57473?
4
What is the tens digit of 685?
8
What is the units digit of 334?
4
What is the units digit of 2221?
1
What is the units digit of 21489?
9
What is the hundreds digit of 12613?
6
What is the tens digit of 77334?
3
What is the ten thousands digit of 78398?
7
What is the hundreds digit of 12436?
4
What is the units digit of 80973?
3
What is the units digit of 4152?
2
What is the tens digit of 6741?
4
What is the tens digit of 4486?
8
What is the hundreds digit of 4950?
9
What is the units digit of 23284?
4
What is the thousands digit of 4837?
4
What is the tens digit of 3069?
6
What is the units digit of 39?
9
What is the hundreds digit of 44510?
5
What is the units digit of 4?
4
What is the hundreds digit of 5991?
9
What is the units digit of 9220?
0
What is the ten thousands digit of 14322?
1
What is the tens digit of 26839?
3
What is the thousands digit of 9909?
9
What is the units digit of 1242?
2
What is the units digit of 930?
0
What is the ten thousands digit of 58627?
5
What is the hundreds digit of 801?
8
What is the units digit of 142220?
0
What is the tens digit of 15596?
9
What is the tens digit of 27?
2
What is the units digit of 2480?
0
What is the thousands digit of 3701?
3
What is the tens digit of 32339?
3
What is the hundreds digit of 584?
5
What is the tens digit of 669?
6
What is the ten thousands digit of 107051?
0
What is the units digit of 1356?
6
What is the hundreds digit of 156?
1
What is the hundreds digit of 2671?
6
What is the hundreds digit of 237?
2
What is the units digit of 1112?
2
What is the units digit of 91073?
3
What is the thousands digit of 13384?
3
What is the ten thousands digit of 10153?
1
What is the thousands digit of 8233?
8
What is the thousands digit of 3708?
3
What is the units digit of 1125?
5
What is the units digit of 72331?
1
What is the hundreds digit of 2188?
1
What is the hundreds digit of 4585?
5
What is the tens digit of 3739?
3
What is the thousands digit of 11537?
1
What is the units digit of 107?
7
What is the tens digit of 682?
8
What